 is the tens digit of (1/1)/(-8*(-15)/89880)?
4
What is the hundreds digit of 3/(-6)*(-41 + -7007)?
5
Let w(p) = -p**2 - 6*p - 5. Let v be w(-5). Suppose v = 3*j + h - 202, -2*h - 5 + 1 = 0. What is the tens digit of j?
6
Let w(t) = -7*t**2 - 7*t + 3 + 5 + 7*t - 4*t. Let z(o) = -o**2 + 1. Let g(k) = -w(k) + 4*z(k). What is the tens digit of g(2)?
1
Let q be 4/(-12)*2 + 13/(-3). What is the units digit of (-57)/(3 + q + 1)?
7
Let t(q) = 19*q**2 + 3*q - 57. What is the units digit of t(5)?
3
Suppose -3*l + 4*l = 6. Suppose l*y + 3 = 9*y. Suppose -i + y = -7. What is the units digit of i?
8
Let a be 80/(-36) + 14/63. What is the tens digit of (-354)/(-2) + 8 + a + -3?
8
Let r = 95 - 33. What is the units digit of r?
2
Let g(r) = -54*r + 31. What is the units digit of g(-6)?
5
Let h be (-10)/(-4)*(-52)/65. Let k(j) = 41*j**2 + 4*j + 6. What is the tens digit of k(h)?
6
What is the units digit of 6 - (7 + 4 + -2830)?
5
Suppose -2*g + 5*g = 4*d + 52, -48 = 4*d - 2*g. Let c be (d/4 + 2)*0. Suppose c*u + 17 = u. What is the tens digit of u?
1
What is the thousands digit of (-7)/((-210)/40) - (-11512)/6?
1
Let c = 1606 - -1766. What is the tens digit of c?
7
Suppose 3*d - 2*d - 263 = 3*p, 0 = 4*d + p - 1104. What is the hundreds digit of d?
2
Suppose 0 = g - 0*g. Suppose -4*z = -g*z - 16. Suppose 3*w + 3 = 0, w - z*w - 87 = -4*d. What is the units digit of d?
1
Suppose -y - 2 + 5 = 0. Let x(f) = -6*f**3 - 3*f**2 - 3*f - 6. Let q be x(-2). Suppose -y*v = -v - q. What is the tens digit of v?
1
Let y = 1742 + -940. What is the units digit of y?
2
Suppose 0*d - 20 = -4*d. Let y(a) = 2*a**2 + a - 1. Let t(q) = -11*q**2 - 13*q + 9. Let h(v) = -t(v) - 6*y(v). What is the units digit of h(d)?
7
Let g(w) = -w**2 + 6*w - 3. Let k be g(4). Suppose -z + 12 - 7 = 0. Suppose 0 = -z*t + k*j - 37 + 302, 4*j = 2*t - 106. What is the tens digit of t?
5
Suppose -6*h + 10*h + 3*v - 7300 = 0, -2*h = 2*v - 3648. What is the hundreds digit of h?
8
Let q = 1214 - 800. What is the units digit of q?
4
Let g = 1520 - 895. What is the units digit of g?
5
Suppose -4*a - 5*x - 133 = -3*a, -447 = 4*a + 3*x. What is the tens digit of a/(-1 + -2)*(-5)/(-5)?
3
Suppose -4*k + 4949 = -5*r, -2*k - 289 = 4*r - 2783. What is the thousands digit of k?
1
Let j(h) = 4*h**2 + 25*h + 68. What is the units digit of j(-7)?
9
Let j = 5105 + -2603. What is the units digit of j?
2
Let h be 21931/(-105) + -2*(-3)/(-45). Let i = -63 - h. What is the tens digit of i?
4
Let u(q) = q + 5. Let g be u(14). Let w = 110 - g. What is the tens digit of w?
9
Let m = 40 + -40. Suppose m = a + 108 - 283. What is the units digit of a?
5
Suppose 0 = -12*i + 8*i. Suppose -11*y + 4*y + 896 = i. What is the units digit of y?
8
Let g(s) be the third derivative of -s**4/24 + s**3/3 - 4*s**2. Let j be g(-12). Suppose 0 = -0*t - 2*t + j. What is the units digit of t?
7
Suppose -35 = 5*k - 0*k. Let x be 6 + k - (1 - 4). Suppose 0 = i + x*n - n - 15, -4*i + 3*n = -74. What is the tens digit of i?
1
Let s be (-484)/9 - 4/18. Let k = s - -142. What is the tens digit of k?
8
Let g be 2*(-21 + 4 + -4). Let s = -38 - g. What is the units digit of s?
4
Let l(u) = -u**3 - 9*u**2 + 10*u + 2. Suppose -q - 3*w = 4, -4*q - 3*w - 21 = 13. Let t be l(q). What is the units digit of ((-3)/t*-26)/1?
9
Let x = -4 + 7. What is the units digit of x*12/9 - -15?
9
Suppose -2*x = 2*x - 100. Let j be 280/x - (-2)/(-10). Suppose -r - j = -h, 5*r - 18 + 7 = -h. What is the tens digit of h?
1
Suppose 1 = 6*d - 11. Suppose -d*v = -4*v + l + 166, 3*v - 4*l - 239 = 0. What is the units digit of v?
5
Let v(h) = 15*h**2 + 9*h + 2. Let w(r) = r + 1. Let c(o) = v(o) - 6*w(o). What is the units digit of c(2)?
2
Suppose c - 1 = -9. What is the tens digit of 2 - (-59 + 4 + c)?
6
Let d(w) = w**3 + 6*w**2 + 5*w - 1. Let m be d(-4). Suppose 168 = 3*r + 3*l, -l = -r + 53 + m. What is the tens digit of r?
6
Suppose -7559*h = -7550*h - 51462. What is the thousands digit of h?
5
Let z be (-15140)/90 - 4/(-18). Let b = 268 + z. Suppose 3*o = 44 + b. What is the units digit of o?
8
Let d(v) = -10*v**3 + v**2. Suppose 5*g + 2*r + 10 = 0, -5*r + 0 + 2 = -g. Let z be (1 - (g - -2))/(-1). What is the tens digit of d(z)?
1
Let l(p) = -166*p + 487. What is the tens digit of l(-4)?
5
Suppose 13*n - 100 = 3*n. What is the units digit of n?
0
Suppose -3*j = -5*n - 14, 3*j - 7 - 6 = 4*n. Suppose 0 = 4*k - j*t + 14, -11 = k + t + 2*t. What is the units digit of ((-20)/(-8))/k*-42?
1
Let u = -1052 + 727. Let v = -171 - u. What is the units digit of v?
4
Let v(l) = l**2 + l + 127. Suppose 0 = 7*a - a. What is the tens digit of v(a)?
2
Let c be 0*(-2 + (-15)/(-10)). Suppose 4*n - 4 = c, 3*n - 75 = -3*z + 33. What is the tens digit of z?
3
Let v(w) = -4*w**2 - 38*w + 27. Let y(p) = -3*p**2 - 25*p + 18. Let k(s) = 5*v(s) - 7*y(s). What is the tens digit of k(20)?
0
Let x = -1318 + 1785. What is the units digit of x?
7
Let l(c) = -351*c**3 - c**2 + 1. What is the units digit of l(-1)?
1
Let t = 539 + -45. What is the hundreds digit of t?
4
Suppose 0 = -b - 6 + 3, 3*b = -2*x + 533. What is the tens digit of x?
7
Let y(u) = 10*u**2 - 32*u - 16. What is the units digit of y(5)?
4
Suppose 0*d = -3*d + 9. Let m be 0/2 - (d - 0). Let q = m - -5. What is the units digit of q?
2
What is the hundreds digit of (925 + -13 + 6)/2?
4
Let p = -50 + 52. Suppose -p*j = 3*k - 646, 3*k + 2*j = 5*k - 424. What is the units digit of k?
4
Let o(r) = 13*r - 56. Let c be (0 - (-45)/6)*2. What is the tens digit of o(c)?
3
What is the hundreds digit of (-6)/(-14) + (-319626)/(-378)?
8
Let t(n) = n**2 + 2*n + 1. Let h be t(-3). Suppose -h*q + 2*y + 7 + 143 = 0, 4*y = 20. What is the units digit of q?
0
Suppose 2*u = 29 + 3. Suppose 5*o + 5*c = -20, 0*o - 4*c = -2*o + u. Suppose 6*g - 3*g - 66 = o. What is the tens digit of g?
2
Let c = -409 - -779. What is the units digit of c?
0
Let v = 2102 - 882. What is the hundreds digit of v?
2
Let l = 5 - -38. Let t = 20 + l. What is the tens digit of t?
6
Suppose 30*z - 27*z - 15 = 0. Suppose -4*l = l + 4*p + 1, -z*l + 2*p + 23 = 0. What is the units digit of l?
3
Let n(g) = 3*g**3 - 3*g**2 - 4*g - 1. Suppose 8*s = s - 56. Let f(j) = -j**2 - 9*j - 5. Let o be f(s). What is the units digit of n(o)?
1
Suppose -v + 3 = -1, 0 = 3*j - 2*v - 25. Let n(i) = -i**3 + 8*i**2 - 11*i - 4. Let m be n(6). Suppose -w + m*w - j = 0. What is the tens digit of w?
1
Suppose 30 = -3*f + 4*f. Let y(o) = o + 11. Let h be y(-8). Suppose 2 = h*k - 5*t - 40, -3*k = -t - f. What is the units digit of k?
9
Let h be (-1)/(-1*2/16). Let n(t) = 4*t + 10. Let z be n(-3). Let m = h - z. What is the tens digit of m?
1
Suppose g - 23 = -6*d + d, -4*g = 2*d - 20. Suppose 4*t - 324 = t. Suppose g*u - 5*m - t = 29, -5*m = -5*u + 215. What is the tens digit of u?
3
Suppose 4*f - 4 - 12 = 0. Suppose 4*y = -n + 136, 0 = -0*n - 5*n + y + 659. Suppose 0 = -4*i - u + n, -i + 0*i + f*u + 16 = 0. What is the units digit of i?
2
Suppose -5*q - 14 = -4. What is the tens digit of (-15)/q*(-5 - (-380)/12)?
0
What is the hundreds digit of 138726/336 + 2/16?
4
Suppose -p - 6510 = -8*p. What is the units digit of p?
0
Let s = -3087 + 6561. What is the units digit of s?
4
Suppose 2*p = p + 2*a + 51, -5*p = 4*a - 227. Suppose -n = -p - 6. What is the units digit of n?
3
What is the hundreds digit of ((-1)/2)/((-1749)/(-1752) - 1)?
2
Suppose 0 = l - 0*m - m - 24, -3*m = -2*l + 51. Suppose 0 = 4*o - 2*z - 66, z = o + 2*z - l. What is the units digit of o?
8
Let t be (-14)/(-4) - 9/6. Let s(h) = -h**t + h - h - 4 - 2*h - 5*h. What is the units digit of s(-6)?
2
Let t be ((385/42)/5)/((-2)/(-12)). Suppose -t*u = -10*u - 70. What is the tens digit of u?
7
Suppose -b + 2*i = 7*i - 270, 5*b + 5*i - 1450 = 0. What is the tens digit of b?
9
Let p(g) = 8*g - 162. Let s be p(22). Suppose -5*n + 14 + 11 = 0. Suppose -s + n = -3*y. What is the units digit of y?
3
Suppose 4*g - 5056 + 1372 = 0. Suppose 0 = x - k - 343, -2*k + 98 + g = 3*x. What is the hundreds digit of x?
3
Suppose -3*a + 22 = -26. Let s be 3/(-3) + 7 + 2. Let f = a + s. What is the units digit of f?
4
Let x = -136 + 276. What is the hundreds digit of 5*7/(x/1048)?
2
Let m(f) = -4*f - 3. Let g be m(6). Let v = 49 + g. What is the units digit of v?
2
Suppose -6785 =